est common factor of 351 and 2641704.
39
Calculate the greatest common divisor of 457 and 13888687.
457
Calculate the greatest common divisor of 2677256 and 165244.
1516
What is the greatest common factor of 263 and 247048261?
263
Calculate the highest common factor of 56277959 and 11269.
191
What is the highest common divisor of 135767318 and 114554?
10414
What is the greatest common divisor of 12213250 and 1127?
49
Calculate the greatest common factor of 88 and 43106712.
88
What is the highest common divisor of 3767500 and 4015?
55
Calculate the greatest common factor of 264368 and 12328.
8
What is the greatest common divisor of 4326 and 766038?
42
What is the highest common factor of 1117914 and 1286775?
903
Calculate the highest common divisor of 3455050 and 14463.
1607
Calculate the greatest common divisor of 10194 and 342083456.
3398
What is the highest common divisor of 922927022 and 862?
862
Calculate the greatest common divisor of 1132776 and 1089.
9
Calculate the greatest common factor of 166705 and 44275.
385
What is the greatest common factor of 12719 and 7094437?
553
What is the highest common factor of 1485 and 281457?
99
Calculate the highest common factor of 1159494 and 4522.
266
What is the highest common factor of 43515 and 169605?
45
Calculate the highest common divisor of 483 and 21014203.
161
What is the highest common divisor of 14 and 523280?
2
Calculate the greatest common divisor of 6782622 and 72534.
462
What is the greatest common divisor of 2927244 and 38346?
498
What is the greatest common factor of 26720162 and 742?
742
Calculate the greatest common factor of 301406789 and 161.
23
Calculate the greatest common factor of 2275 and 35642425.
2275
What is the highest common factor of 57213 and 125424?
117
Calculate the greatest common divisor of 45213013 and 26696.
3337
Calculate the greatest common divisor of 610463 and 179132.
2357
What is the highest common factor of 801869989 and 7534?
3767
What is the highest common factor of 2108209 and 375951?
1109
Calculate the highest common factor of 2336581 and 52.
13
What is the highest common divisor of 23210364 and 8496?
708
What is the greatest common divisor of 80 and 17323940?
20
What is the highest common divisor of 2522 and 354445?
13
What is the greatest common factor of 909 and 6758819?
101
What is the highest common factor of 3127 and 3280541?
53
What is the greatest common factor of 1 and 73181?
1
What is the greatest common divisor of 5393250 and 1674?
54
What is the highest common factor of 281600 and 2046880?
1760
Calculate the greatest common factor of 3933312 and 10128.
48
What is the highest common factor of 6682 and 31642?
26
Calculate the greatest common divisor of 5811 and 535357.
149
What is the greatest common divisor of 12003 and 7377?
3
What is the highest common divisor of 31494 and 5824218?
1086
Calculate the greatest common divisor of 25 and 832876775.
25
Calculate the greatest common divisor of 2015 and 3893755.
155
Calculate the greatest common divisor of 56160520 and 2312.
136
Calculate the greatest common factor of 1536 and 8150592.
192
What is the highest common factor of 74205958 and 138?
46
What is the greatest common divisor of 46714255 and 95?
95
Calculate the highest common divisor of 685665 and 23409.
81
Calculate the greatest common factor of 28590738 and 330.
66
What is the highest common factor of 4331 and 35563?
61
Calculate the greatest common factor of 208 and 45069232.
208
Calculate the highest common factor of 2296572 and 9700.
388
Calculate the greatest common factor of 299 and 6772649.
299
What is the highest common factor of 147969 and 86616?
3609
What is the highest common divisor of 3600 and 13785300?
900
Calculate the highest common divisor of 172 and 7604722.
86
Calculate the highest common factor of 9086 and 48650338.
1298
What is the highest common divisor of 1690483919 and 6731?
6731
What is the greatest common divisor of 848 and 16096312?
424
What is the highest common factor of 72 and 103072104?
72
What is the greatest common divisor of 15892599 and 23103?
453
What is the highest common factor of 18458478 and 80154?
1098
What is the highest common factor of 242 and 2638460?
22
Calculate the highest common factor of 1211392758 and 564.
282
What is the highest common divisor of 1884 and 883144?
4
What is the greatest common divisor of 206246 and 32?
2
Calculate the highest common divisor of 34200 and 13802850.
450
Calculate the highest common divisor of 1123400 and 1230.
410
What is the greatest common factor of 20000 and 12756875?
625
What is the highest common factor of 144 and 2054271?
3
Calculate the highest common divisor of 489168 and 4986.
18
What is the greatest common factor of 48 and 541498800?
48
Calculate the greatest common factor of 379356 and 24.
12
Calculate the highest common divisor of 73398 and 73086.
78
Calculate the greatest common factor of 3565 and 1658645.
115
Calculate the greatest common divisor of 1175 and 598985.
5
Calculate the greatest common divisor of 37391 and 231071.
269
What is the highest common factor of 86659814 and 3772?
1886
What is the greatest common divisor of 1168809894 and 126?
126
What is the greatest common factor of 1934 and 46900467?
967
Calculate the highest common divisor of 908156 and 48772.
356
Calculate the highest common factor of 111238563 and 732.
183
What is the greatest common divisor of 308 and 503299412?
308
What is the highest common factor of 36 and 97327638?
18
What is the highest common divisor of 9801 and 4686209?
121
Calculate the greatest common divisor of 57 and 7403293.
19
What is the highest common factor of 101 and 459842294?
101
Calculate the greatest common divisor of 6848065 and 70.
35
What is the greatest common factor of 119912 and 10712?
104
What is the highest common factor of 1554232471 and 74?
37
Calculate the greatest common factor of 1218 and 426706.
406
Calculate the greatest common divisor of 3591008 and 22214.
766
Calculate the greatest common factor of 23714280 and 1368.
1368
Calculate the greatest common factor of 760480 and 5107760.
3920
What is the highest common divisor of 7560 and 1989288?
504
Calculate the highest common factor of 77319265 and 475.
95
What is the highest common divisor of 20 and 4881970?
10
What is the greatest common factor of 266 and 135523346?
14
What is the highest common factor of 1141 and 346934?
7
What is the highest common divisor of 489450 and 9750?
1950
Calculate the greatest common factor of 26910738 and 6.
6
What is the greatest common divisor of 3097785 and 345?
15
What is the highest common divisor of 748580271 and 489?
489
What is the highest common factor of 608 and 21054736?
304
What is the highest common divisor of 33144 and 9872?
8
What is the greatest common factor of 31698 and 1759826?
1174
Calculate the highest common factor of 93713312 and 1533.
511
What is the highest common factor of 9032 and 316672?
8
What is the greatest common factor of 17496 and 331885998?
4374
Calculate the greatest common divisor of 18853859 and 16207.
853
Calculate the greatest common factor of 8 and 784793976.
8
What is the greatest common factor of 82 and 686526550?
82
What is the greatest common divisor of 496 and 18100776?
248
Calculate the greatest common divisor of 29469 and 5334923.
517
What is the greatest common divisor of 1363597 and 1643?
31
Calculate the greatest common divisor of 11186 and 1725024.
238
Calculate the greatest common divisor of 525 and 1037067150.
525
Calculate the highest common factor of 771443 and 493.
17
What is the greatest common divisor of 684 and 46100403?
171
What is the highest common factor of 1522 and 50677273?
761
What is the greatest common factor of 136972 and 5346?
22
What is the highest common factor of 9236095 and 766579?
3377
What is the greatest common divisor of 15317 and 3871444?
289
What is the greatest common divisor of 6447194 and 96596?
1178
What is the highest common divisor of 5377792 and 15005?
3001
What is the highest common factor of 5751636 and 17776?
44
What is the greatest common factor of 794 and 65378357?
397
What is the greatest common divisor of 80 and 81413060?
20
Calculate the highest common divisor of 72148058 and 27865.
5573
Calculate the